d s.
17
Let d(o) = 2*o - 56. Let u be d(28). Suppose u = -10*g + 1109 + 131. Let y be ((-3)/((-24)/g))/((-1)/(-2)). Calculate the highest common factor of 62 and y.
31
Let b = -102 - -66. Let p be 3/4*(-48)/b. Calculate the greatest common divisor of 5 and p.
1
Suppose 54*i - 625 = 49*i. Calculate the highest common divisor of 145 and i.
5
Let x be (-2)/11 + 5/11*73. Let f be (0 + 35/15)/(1/x). Let n = 78 - f. Calculate the highest common divisor of 5 and n.
1
Let q = -12410 + 12546. What is the highest common divisor of q and 552?
8
Let l be (-575)/(-35) - 12/28. Let j = 41 + -20. Let u = -17 + j. What is the greatest common factor of l and u?
4
Let j be (-54)/(1/(-6)*48/16). Calculate the greatest common divisor of j and 60.
12
Let z be (-44)/((23/(-46))/(6/4)). Calculate the highest common divisor of 48 and z.
12
Let d(t) = t**2 + 3*t - 3. Let k be d(-4). Let i be (1 - 5)/(k/2). Let u be (-1)/(((-1)/4)/((-86)/i)). What is the highest common factor of u and 43?
43
Let d = 513 - 305. Let b be (-19)/((-38)/(-8))*-8. Calculate the highest common factor of b and d.
16
Let p = 8 + 141. Suppose -10*q + p = -161. What is the greatest common factor of 31 and q?
31
Suppose -31*r = -5*q - 27*r + 117316, -3*q + 3*r + 70389 = 0. What is the greatest common factor of q and 56?
56
Let y = -40 + 19. Let u = 0 - y. Suppose -16 + 30 = 2*a. Calculate the highest common factor of a and u.
7
Let v(n) be the third derivative of 7*n**5/20 + 7*n**4/24 + 7*n**3/3 + 114*n**2. Let j be v(-4). What is the highest common factor of j and 14?
14
Suppose 4*y - 28 = 3*b, -2*y = y - 2*b - 22. Let f = y + -6. Suppose 56 = -2*s + 4*s + v, 3*s - 95 = f*v. What is the greatest common factor of 145 and s?
29
Let w = -921 + 937. What is the greatest common divisor of w and 16?
16
Suppose -147*a + 3198 = -121*a. What is the greatest common divisor of a and 5781?
123
Let v = -3531 + 3571. What is the highest common factor of v and 216?
8
Let d = -12 - -5. Let l be (-1 + 0)*2 - d. Let r be (-2291)/(-58) - (-1)/2*1. Calculate the highest common divisor of l and r.
5
Let o be 1/(10/(-8)*(-2)/5). Let z be 1 - -39*o/8*4. Let h = z - -4. What is the greatest common factor of 11 and h?
11
Let s(c) = 32*c**3 - 1212*c**2 - 32*c + 68. Let z be s(38). Calculate the highest common divisor of 78 and z.
26
Let c = -602 + 605. Suppose -28*a + 33*a = 3*s + 7040, -2*a - c*s + 2816 = 0. What is the greatest common factor of a and 11?
11
Let a = 14076 - 12121. Calculate the greatest common divisor of a and 1610.
115
Suppose 5*s - 34 = -9. Let m = 1 + s. Suppose -u + 4*x - 40 = -m*u, 2*u + 5*x + 1 = 0. Calculate the highest common factor of 84 and u.
12
Let p(w) be the second derivative of -w**5/20 + 7*w**4/4 - 6*w**3 - 14*w**2 + 7*w + 3. Let v be p(18). Calculate the highest common factor of v and 74.
74
Let n(r) = 10*r**2 + 4*r + 3. Let f be n(-2). Let u = -18107 - -18982. Calculate the highest common factor of f and u.
35
Suppose 124 = 5*d + 104. Let x be 150/d*280/50. What is the highest common divisor of 30 and x?
30
Suppose 3085 + 659 = 13*d. Let w = -254 + d. What is the highest common divisor of 68 and w?
34
Suppose -x - 4*i + 16 = -0*x, -3*x + 8 = 2*i. Suppose 0*z + 5*z + 80 = x. Let l(h) = -2*h - 26. Let w be l(z). Calculate the greatest common factor of w and 15.
3
Suppose 0 = 7*m - 3*m - 156. Let c be (-6)/15 + 381/15. Let y = m - c. What is the highest common factor of 42 and y?
14
Let r = 26 - 18. Let d = 73 - 69. Suppose 4*w = 20, 6*y - d*w = 2*y + 140. Calculate the greatest common factor of r and y.
8
Let r = -11744 - -12108. What is the greatest common divisor of r and 868?
28
Let q(x) = 71*x - 4 + 3 - 2 - 76*x. Let j be q(-6). Let t = j - -39. What is the highest common divisor of 22 and t?
22
Let o = -6065 + 4077. Let s = o - -2807. What is the highest common factor of s and 63?
63
Suppose -15*c + 15893 = 85*c - 14407. What is the greatest common divisor of c and 6?
3
Let g(s) = -s**3 - s**2 - 12*s + 19. Let v be g(0). Let x be ((-3230)/51)/(4/(-30)). What is the highest common divisor of v and x?
19
Suppose -45145*k - 15000 = -45148*k. What is the highest common divisor of k and 120?
40
Let t(m) = -7*m**3 - 31*m**2 + 42*m + 128. Let x be t(-6). Calculate the highest common factor of x and 16.
16
Let u be ((-5)/(-2))/(23/(37996/14)). What is the highest common divisor of 5 and u?
5
Let l(w) = 4*w**2 + 3*w - 10. Let x be l(2). Let f = -29 - -41. Suppose -d + q = -f, -2*d + 3*d = -q + 12. What is the greatest common divisor of d and x?
12
Let k = -68 + 255. Calculate the greatest common divisor of 44 and k.
11
Let s be 33 - (-37 + -24 + 47). What is the highest common factor of 13912 and s?
47
Suppose 5*l - 64*n - 362 = -66*n, -4*l + 291 = 3*n. Let f be 1*(1 + 0) + 8. What is the highest common divisor of l and f?
9
Let z(q) = 2*q**2 + 24*q - 13. Let k be z(-16). Suppose 0 = -a + 4 - 2. Suppose a*y = 5*y - 69. What is the greatest common factor of y and k?
23
Let t(j) = -52 - 232*j**2 + 0*j + 233*j**2 - 9*j. Let u be t(20). Let o(n) = n**2 - 4*n - 9. Let a be o(7). What is the highest common divisor of u and a?
12
Let r = 76 + -64. Suppose r*t = 2*t + 1160. Suppose -2*j + 4*i + 4 = -28, -5*j = -i - t. Calculate the greatest common factor of j and 36.
12
Suppose 1 + 2 = z. Suppose z*g - 279 = -4*x, 5*g - 4*x - x = 465. Let f be (g - 0)*3*(-5)/(-15). Calculate the greatest common divisor of f and 62.
31
Suppose -r = 6, -3*c = -r - 4 - 35. Let n = -11 + 17. Suppose 2*y - 4*i - 22 = 0, 4*i = 3*y - n*y - 17. What is the greatest common factor of c and y?
1
Let x(t) = t**2 - 3*t - 68. Let l be x(11). Calculate the highest common divisor of 20 and l.
20
Suppose -4*x + 21 = 5*h, 2*x - 3*x = h - 6. Let j be (-1 - (-12)/x)/(18/270). Suppose -6 - 6 = -4*r. Calculate the greatest common divisor of r and j.
1
Suppose -6*s = -3*j - s - 16, 2*j = -s + 11. Suppose -5*h = 10, 0 = -4*v - h + j*h - 124. Let y = v + 46. What is the greatest common divisor of y and 14?
14
Suppose 0*l - 2*c - 34 = -4*l, -59 = -4*l - 3*c. Let x(n) = 2*n + 5 + 0 + 6*n. Let h be x(9). Calculate the greatest common factor of l and h.
11
Suppose 0 = -47*a - 43*a + 7552 + 6128. What is the highest common divisor of a and 1406?
38
Suppose -2*n = -3*c + 16701, 25*c - 26*c - 3*n = -5556. Calculate the greatest common divisor of 5 and c.
5
Suppose 4*p + 4200 = 16*p. What is the highest common factor of 70 and p?
70
Suppose 4*g = -2*v + 168110, -181470 = -4*g - 4*v - 13346. What is the greatest common divisor of 24 and g?
24
Let j = -226 - -350. Calculate the greatest common divisor of j and 2170.
62
Let y(b) = -b - 11. Let o be y(-13). Suppose 0 = -o*u + 4*u, 144 = f - 5*u. Let x be (-6)/10 - (-415)/25. Calculate the highest common factor of f and x.
16
Let w(b) = 793*b - 2099. Let a be w(20). Calculate the highest common divisor of 66 and a.
33
Suppose 2*y - 2*k = 60, 5*k + 122 = -y + 134. Suppose -w - 9 = -4*w. Suppose w = -4*o + y. What is the highest common factor of o and 15?
3
Suppose 0 = 5*n + 5, 5*u + n - 2446 = 113. What is the highest common divisor of 96 and u?
32
Let t(c) = -88*c + 2242. Let m be t(22). What is the highest common divisor of 36 and m?
18
Let z be (-87)/4*48/(-9). Suppose 98 = 4*i + 2*k, 4*k = -i + 6*i - z. Suppose -288 = -i*p + 20*p. Calculate the greatest common divisor of 8 and p.
8
Let q = -176 - -376. Calculate the highest common factor of 175 and q.
25
Let n = -156 + 245. Let o = n - 83. Calculate the highest common divisor of o and 126.
6
Let k(w) be the second derivative of w**4/4 + 4*w**3 + 10*w**2 + 5*w. Let u be k(-8). What is the greatest common factor of u and 820?
20
Suppose 120 = 2*w + 3*u, 2*w + 31*u - 120 = 26*u. What is the greatest common factor of w and 1220?
20
Let k(r) = -199*r + 1. Let g be k(-1). Let t(d) = 7*d + 0*d + 6 - 5*d + 31. Let i be t(-6). Calculate the greatest common divisor of i and g.
25
Let g be (-20)/(((-3)/(-3))/(2/(-2))). Suppose g = 3*z - 31. Suppose -v + z + 31 = 0. Calculate the highest common factor of 6 and v.
6
Let g = 1260 + 3164. Calculate the highest common divisor of g and 336.
56
Suppose -5*b = 5*j - 4645, -3*j = -5*b - 299 - 2536. What is the highest common factor of 85 and j?
85
Let c(u) = 4377*u + 4388. Let g be c(-1). Calculate the highest commo